-2
Let j be (-3 + 3 - 1)*-4. Suppose j*u + 0 - 4 = 0. Let y(w) be the second derivative of -w**3/6 - w**2/2 + w. Calculate y(u).
-2
Suppose -22 = -5*w - 0*m + 2*m, -11 = -4*w - 5*m. Let a(o) = 5*o - 4*o + 0*o + 4. Give a(w).
8
Let m(k) be the first derivative of k**4/4 - k**3/3 - k**2/2 + 2*k - 8. Calculate m(0).
2
Let l(g) = -g**2 - 4*g - 4. Let j = 1 - -2. Suppose -2*u + 4 = -j*b, 3*b + 2*u + 32 = -3*u. Calculate l(b).
-4
Let m(y) = y**3 + 5*y**2 - y - 6. Let g(d) = 2*d**2 + d - 1. Let p be g(-2). Suppose -5*w = -4*w + p. Calculate m(w).
-1
Let q(l) be the first derivative of -l**4/4 - l**3 + 5*l**2/2 + 6*l + 11. Give q(-4).
2
Let i(z) = -z - 2. Let u be i(-8). Let c(x) = x**2 - 6*x + 3. Let l be c(u). Let g(d) = 3*d**l + 3*d**3 + 9 - 6*d**2 - 5*d**3 + 2*d - 2. What is g(5)?
-8
Let f(g) = -g**2 - g + 7. Let h be f(-4). Let q(p) = p + 7. What is q(h)?
2
Let c(h) = 1 + 0 - 80*h - h**2 + 83*h. Determine c(3).
1
Let a(k) be the third derivative of -5*k**4/24 + k**3/6 + 4*k**2. Suppose -l + 3*l = 3*t - 17, 0 = -4*t + 20. Calculate a(l).
6
Let y(n) = n + 3. Let j be (-4)/(-2) - -1 - (17 + -14). What is y(j)?
3
Let h be 0 + (-2 - -3 - 6). Let y(x) be the first derivative of x**3/3 + 3*x**2/2 - 2*x + 9. Determine y(h).
8
Let n(u) = -1 + 3*u - 3*u - u. Give n(0).
-1
Let a(t) = -2*t + 2*t - 6 + 2*t - t. Calculate a(5).
-1
Let x(c) be the first derivative of 1/4*c**4 + 4/3*c**3 + 0*c - 3 - 2*c**2. Calculate x(-5).
-5
Suppose 0 = -9*x + 7*x + 6. Let w(n) = n**2 - 3*n + 1. What is w(x)?
1
Let i(o) = 6*o**3 - 2*o**3 - 7*o**3 + 1. Suppose 2*q = 5*z - 54, -5*z - 3*q + 6*q = -56. Let r(m) = -m**2 + 11*m - 11. Let g be r(z). Determine i(g).
4
Let z(r) be the second derivative of r**5/20 - r**4/3 + r**3 - 3*r**2/2 + 8*r. Calculate z(4).
21
Let g(q) = q**3 + 6*q**2 + 5*q - 1. Let d be g(-5). Let n be (36/3)/3*1. Let l(j) = -n*j**2 - 4*j**2 - 3*j + 4*j + 1. What is l(d)?
-8
Let y(l) be the third derivative of l**6/20 + l**5/30 - l**3/6 - 28*l**2. Calculate y(1).
7
Let w be -1 - (1 - 1*-6). Let d = 5 + w. Let n(a) = 10*a**2 + 5*a + 2. Let l(g) = 7*g**2 + 3*g + 1. Let q(j) = 7*l(j) - 5*n(j). Calculate q(d).
0
Let c(j) = -j**3 - 4*j**2 - j + 2. Suppose 2*w - 6 = -0*w. Let f be ((-6)/(-2))/(w/(-4)). Give c(f).
6
Let r(n) = -4*n - 5 - n + 6 + n. Give r(2).
-7
Let c(l) = 2*l - 4. Let j be 1/(20/12)*5. Determine c(j).
2
Let a be 3/(-2 - (-14)/4). Let y(b) = -5*b**3 - 11*b**2 + 15*b - 26. Let i(r) = -r**3 - 2*r**2 + 3*r - 5. Let n(l) = -11*i(l) + 2*y(l). What is n(a)?
5
Let y be 32/16*(-1)/(-1). Let p(d) = -2*d + d + y - 4. What is p(5)?
-7
Let q(x) = -10*x**2 - x + 22. Let g(v) = -3*v**2 + 7. Let j(i) = 7*g(i) - 2*q(i). Let a be (-3)/(-9) + (-28)/(-6). What is j(a)?
-10
Let n(o) be the first derivative of -o**3 + o**2/2 - 7*o - 2. Let z(i) be the first derivative of n(i). What is z(1)?
-5
Let z(d) = 3*d - 32*d**2 + 2*d + 7 + 33*d**2. Let j(x) = x. Let w(o) = 2*o**2 - 4. Let a(n) = -3*j(n) - w(n). Let h be a(-3). Give z(h).
7
Let m(s) = -2*s**3 + s**2 + s**3 + 3*s + 4 + 0. Let t be (-1)/(-2) - (-20)/8. Give m(t).
-5
Let b(g) = -g**2 - g + 1. Let k(z) = z - 10. Let h be k(12). Suppose -m = -h*m. Let w(j) = -j + 2. Let r be w(m). What is b(r)?
-5
Let z = 10 - 10. Suppose -5*w + z*w = -5. Let n(x) = x**2 - 1. Determine n(w).
0
Suppose 23 + 13 = 6*p. Let z(h) = h**3 - 7*h**2 + 4*h - 1. What is z(p)?
-13
Let l(q) be the first derivative of -q**5/120 - q**4/6 - q**3 + 5. Let p(i) be the third derivative of l(i). Give p(4).
-8
Let n(f) be the third derivative of -f**5/60 - f**4/4 + f**3 - 11*f**2. Calculate n(-7).
-1
Let f = 4 - 1. Suppose -4*g + 3 = -g - f*c, 5 = -g + 4*c. Let o(j) = 2*j - 9*j**2 + g*j**2 + 1 - 3*j. Calculate o(1).
-6
Let q(v) be the third derivative of -v**4/8 + v**3 + 4*v**2. Calculate q(4).
-6
Let d(o) be the third derivative of -o**5/60 - o**4/6 + o**3/6 + 11*o**2. Determine d(-4).
1
Let q(x) = x**2 - 8*x + 22. Let j be q(4). Let h(l) = l**2 - 4*l - 3. What is h(j)?
9
Let k(q) be the second derivative of q**5/20 - 5*q**4/12 + q**3/2 + 10*q. Calculate k(4).
-4
Suppose 0 = -2*z - 2 + 10. Let k(a) = -a**2 + 3*a + 2. Calculate k(z).
-2
Suppose 3*j - 6 + 0 = 0. Suppose -3*o = -5*z - 0 + 13, 0 = -2*o - j*z + 2. Let i(t) = -5*t - 1. Give i(o).
4
Suppose -11*r = -r + 30. Let d(g) = 3*g - 1. Calculate d(r).
-10
Suppose -i - 5 = 0, 6 = -5*w + 2*i - 19. Let p(k) = -k**2 - 9*k - 10. Calculate p(w).
4
Let j(g) = -g**2 - 5*g - 5. Let r be j(-5). Let m be 6/r*70/(-21). Let q(n) = -n**3 + 4*n**2 - 2*n + 5. Calculate q(m).
-3
Let y = 32 - 33. Let h(n) = n. What is h(y)?
-1
Let q(x) = -4*x + 1. Let l(j) = j**2 + j - 7. Let s be l(2). Calculate q(s).
5
Let i(g) = -g**3 - 12*g**2 - 13*g - 12. Let z(s) = -s**3 - 13*s**2 - 14*s - 14. Let n(a) = -3*i(a) + 2*z(a). What is n(-9)?
-10
Let a(n) = 3*n**2 - 4*n - 3. Let p(k) = 2*k**2 - 3*k - 2. Let m(y) = -5*a(y) + 8*p(y). Let u be m(3). Let x(l) = -l**3 - 5*l**2 - 6*l - 1. Give x(u).
7
Let p(c) = -20*c**2 + 20*c + 4. Let n(f) = -f**3 + 7*f**2 + 10*f - 10. Let m be n(8). Let j(z) = 7*z**2 - 7*z - 1. Let u(t) = m*p(t) + 17*j(t). What is u(0)?
7
Let q(r) = 3*r - 9. Let l(x) be the first derivative of -2*x**2 + 9*x + 2. Let s(g) = -2*l(g) - 3*q(g). Let u(p) = p + 9. Let v be u(-4). What is s(v)?
4
Suppose 6*t - 11*t + 20 = 0. Let y(p) = p**3 - 4*p**2 - 3*p + 1. What is y(t)?
-11
Let z = 16 - 10. Let h = z - 2. Let a(f) = f**3 - 5*f**2 + 6*f - 2. Determine a(h).
6
Let u(p) = -p - 10. Let f(m) = -7*m**3 - 2*m + 2. Let a be f(1). What is u(a)?
-3
Suppose -4*q + 3*q - 16 = 0. Let r = q + 10. Let s(b) = -b - 6. What is s(r)?
0
Let t be 8 + (-1 - (-1)/(-1)). Let i = -25 - -27. Suppose 0 = -i*v - t. Let o(j) = -j**3 - 3*j**2 - 2*j - 1. Determine o(v).
5
Let s(h) = 3*h. Let q(y) = 5*y. Let k(d) = -6*q(d) + 11*s(d). Suppose 9 = 5*v - 1. What is k(v)?
6
Let d = 45 + -46. Let t(f) = -8*f**2 - 2*f - 1. Determine t(d).
-7
Let x(t) = -t**2 - t + 3. Let c(f) = 2*f**2 + 2*f - 7. Let u(w) = 2*c(w) + 5*x(w). Give u(-3).
-5
Let q be (-4)/(-22) - 40/(-22). Let j(f) = 9*f - 2. What is j(q)?
16
Suppose -2*d + 10 = 2*r - 4*d, -3*r + 19 = -4*d. Let z(b) = -3*b**2 + 2*b**2 + 4 - r + 0*b**2. Calculate z(3).
-6
Let d(t) = -1. Let y(h) = -h + 1. Let n(s) = -2*d(s) - y(s). Let o(w) = 3*w + 2*w**2 - 5 + 5*w**2 - 2*w - w**3. Let f be o(7). What is n(f)?
3
Let j = -4 - -6. Let l be ((-2)/(-2) - -2)*(0 - -1). Let q(v) = l*v**2 + v - 7*v + 0*v - 2*v**j. Calculate q(5).
-5
Let i(g) = 2*g. Let a = 14 - 5. Suppose 2*p - 1 = -2*u - a, -3*u = 5*p + 20. What is i(p)?
-8
Let q(y) = -y**2 - y - 5. Let x be (1/(-3))/((-4)/(-84)). Let p = 7 + x. Give q(p).
-5
Let f(r) = -3 + 4 - 10*r + 0. Let c(z) = 11*z - 1. Let h(y) = 5*c(y) + 6*f(y). Determine h(-1).
6
Let x(q) = 3*q - 1. Suppose 4*n - 3*u - 125 = 0, -4*n + 50 = -2*n - 4*u. Suppose n = 3*f + 2*f. Let o = f - 5. Calculate x(o).
5
Let y(j) be the second derivative of j**7/840 + j**6/120 - j**5/60 + j**4/12 + j**3/6 - 2*j. Let r(q) be the second derivative of y(q). Give r(-4).
-6
Let o(n) = n + 2. Let w be o(0). Let y(u) = 6*u + 2 - 3*u - 4*u. Give y(w).
0
Let h(f) = -f**3 + 5*f**2. Let u(b) be the first derivative of 3*b**4/4 - 14*b**3/3 - 3. Let x(l) = 11*h(l) + 4*u(l). Calculate x(-1).
-2
Let c(y) = -2 + 1 + 2*y - y - 3. Give c(7).
3
Let m(p) be the first derivative of -p**3/3 + 3*p**2 - 3*p + 19. Calculate m(6).
-3
Let u(m) be the third derivative of -m**4/24 + 5*m**3/3 + m**2 - 6*m. Calculate u(5).
5
Let s(y) = 2*y + 7. Let u be s(-7). Let b = u - -12. Suppose -3*w - 26 = b*h + 2, -h = 2*w + 7. Let z(x) = -x**3 - 5*x**2 - x - 1. Determine z(h).
4
Let j be 4*(2 + 41/2). Let o be j/(-21) - 6/(-21). Let f(a) = a**3 + 4*a**2 - a + 1. Let m be f(o). Let l(v) = -2*v + 3. Determine l(m).
-7
Let y(w) = -w**3 + w**2 - w - 11. Let o(c) = c + 13. Let v be o(-13). Calculate y(v).
-11
Let o(j) be the second derivative of j**4/2 - j**3/3 - j**2/2 + j. Suppose -5 = 4*r + 3*h - 1, -4*r = -5*h + 4. Determine o(r).
7
Let k be 5/((-30)/(-48)) - (2 + -2). Let s(w) = -2*w + 12. Determine s(k).
-4
Let o(k) = -k**3 + 9*k**2 - 9*k + 6. Let s be o(8). Let z(j) = -j - 1. Calculate z(s).
1
Let m(l) = -3*l - 6. Suppose -78 = 3*f - 57. What is m(f)?
15
Let y(v) = 3*v**3 + 3*v**2 - v + 6. Let f(m) = -m**3 - m**2 + m - 1. Let j(g) = -4*f(g) - y(g). C